{"version":"1.0","provider_name":"Le Cerf Blanc","provider_url":"https:\/\/lecerfblanc.be\/nl\/","author_name":"Kate Houben","author_url":"https:\/\/lecerfblanc.be\/nl\/author\/katehouben\/","title":"Avis de d\u00e9c\u00e8s : Philippe Doucet","type":"rich","width":600,"height":338,"html":"<blockquote class=\"wp-embedded-content\" data-secret=\"FWC6nulX4I\"><a href=\"https:\/\/lecerfblanc.be\/nl\/condoleren\/philippe-doucet\/\">Philippe Doucet<\/a><\/blockquote><iframe sandbox=\"allow-scripts\" security=\"restricted\" src=\"https:\/\/lecerfblanc.be\/nl\/condoleren\/philippe-doucet\/embed\/#?secret=FWC6nulX4I\" width=\"600\" height=\"338\" title=\"&#8220;Philippe Doucet&#8221; &#8212; Le Cerf Blanc\" data-secret=\"FWC6nulX4I\" frameborder=\"0\" marginwidth=\"0\" marginheight=\"0\" scrolling=\"no\" class=\"wp-embedded-content\"><\/iframe><script type=\"text\/javascript\">\n\/* <![CDATA[ *\/\n\/*! This file is auto-generated *\/\n!function(d,l){\"use strict\";l.querySelector&&d.addEventListener&&\"undefined\"!=typeof URL&&(d.wp=d.wp||{},d.wp.receiveEmbedMessage||(d.wp.receiveEmbedMessage=function(e){var t=e.data;if((t||t.secret||t.message||t.value)&&!\/[^a-zA-Z0-9]\/.test(t.secret)){for(var s,r,n,a=l.querySelectorAll('iframe[data-secret=\"'+t.secret+'\"]'),o=l.querySelectorAll('blockquote[data-secret=\"'+t.secret+'\"]'),c=new RegExp(\"^https?:$\",\"i\"),i=0;i<o.length;i++)o[i].style.display=\"none\";for(i=0;i<a.length;i++)s=a[i],e.source===s.contentWindow&&(s.removeAttribute(\"style\"),\"height\"===t.message?(1e3<(r=parseInt(t.value,10))?r=1e3:~~r<200&&(r=200),s.height=r):\"link\"===t.message&&(r=new URL(s.getAttribute(\"src\")),n=new URL(t.value),c.test(n.protocol))&&n.host===r.host&&l.activeElement===s&&(d.top.location.href=t.value))}},d.addEventListener(\"message\",d.wp.receiveEmbedMessage,!1),l.addEventListener(\"DOMContentLoaded\",function(){for(var e,t,s=l.querySelectorAll(\"iframe.wp-embedded-content\"),r=0;r<s.length;r++)(t=(e=s[r]).getAttribute(\"data-secret\"))||(t=Math.random().toString(36).substring(2,12),e.src+=\"#?secret=\"+t,e.setAttribute(\"data-secret\",t)),e.contentWindow.postMessage({message:\"ready\",secret:t},\"*\")},!1)))}(window,document);\n\/\/# sourceURL=https:\/\/lecerfblanc.be\/wp-includes\/js\/wp-embed.min.js\n\/* ]]> *\/\n<\/script>\n","thumbnail_url":"https:\/\/lecerfblanc.be\/wp-content\/uploads\/2025\/10\/philippe-doucet.jpg","thumbnail_width":1200,"thumbnail_height":630,"description":"Annie Doucet-Crolop, son \u00e9pouse, H\u00e9l\u00e8ne Doucet et Matthias Kiesselbach, sa fille et son beau-fils, Alexis Doucet et Fabia Minchilli, son fils et sa belle-fille, Marlene, Lisa, Delio et Ma\u00efda, ses petits-enfants, Bernadette et Jean-Marie Petitcollot, sa s\u0153ur et son beau-fr\u00e8re, Beno\u00eet, Isabelle et Sophie, leurs enfants, Pierre Doucet(\u2020) et Elisabeth Jongen, son fr\u00e8re et sa belle-s\u0153ur, Claire Doucet, sa s\u0153ur, Lorenzo et Christine, ses enfants, Diego Campolini, leur p\u00e8re, Ses nombreux amies et amis, Et les familles apparent\u00e9es ont la profonde tristesse de vous annoncer le d\u00e9c\u00e8s de Philippe Doucet n\u00e9 \u00e0 Leopoldsburg le 6 juin 1952 et d\u00e9c\u00e9d\u00e9 \u00e0 Bruxelles le 27 octobre 2025, entour\u00e9 par l\u2019affection de ceux qui l\u2019aimaient."}

Avis de décès : Philippe Doucet

Annie Doucet-Crolop, son épouse, Hélène Doucet et Matthias Kiesselbach, sa fille et son beau-fils, Alexis Doucet et Fabia Minchilli, son fils et sa belle-fille, Marlene, Lisa, Delio et Maïda, ses petits-enfants, Bernadette et Jean-Marie Petitcollot, sa sœur et son beau-frère, Benoît, Isabelle et Sophie, leurs enfants, Pierre Doucet(†) et Elisabeth Jongen, son frère et sa belle-sœur, Claire Doucet, sa sœur, Lorenzo et Christine, ses enfants, Diego Campolini, leur père, Ses nombreux amies et amis, Et les familles apparentées ont la profonde tristesse de vous annoncer le décès de Philippe Doucet né à Leopoldsburg le 6 juin 1952 et décédé à Bruxelles le 27 octobre 2025, entouré par l’affection de ceux qui l’aimaient.
