{"version":"1.0","provider_name":"Le Cerf Blanc","provider_url":"https:\/\/lecerfblanc.be\/nl\/","author_name":"Kate Houben","author_url":"https:\/\/lecerfblanc.be\/nl\/author\/katehouben\/","title":"Avis de d\u00e9c\u00e8s : Jean-Luc Dutordoit","type":"rich","width":600,"height":338,"html":"<blockquote class=\"wp-embedded-content\" data-secret=\"iHdyGbRxmb\"><a href=\"https:\/\/lecerfblanc.be\/nl\/condoleren\/jean-luc-dutordoit\/\">Jean-Luc Dutordoit<\/a><\/blockquote><iframe sandbox=\"allow-scripts\" security=\"restricted\" src=\"https:\/\/lecerfblanc.be\/nl\/condoleren\/jean-luc-dutordoit\/embed\/#?secret=iHdyGbRxmb\" width=\"600\" height=\"338\" title=\"&#8220;Jean-Luc Dutordoit&#8221; &#8212; Le Cerf Blanc\" data-secret=\"iHdyGbRxmb\" frameborder=\"0\" marginwidth=\"0\" marginheight=\"0\" scrolling=\"no\" class=\"wp-embedded-content\"><\/iframe><script type=\"text\/javascript\">\n\/* <![CDATA[ *\/\n\/*! This file is auto-generated *\/\n!function(d,l){\"use strict\";l.querySelector&&d.addEventListener&&\"undefined\"!=typeof URL&&(d.wp=d.wp||{},d.wp.receiveEmbedMessage||(d.wp.receiveEmbedMessage=function(e){var t=e.data;if((t||t.secret||t.message||t.value)&&!\/[^a-zA-Z0-9]\/.test(t.secret)){for(var s,r,n,a=l.querySelectorAll('iframe[data-secret=\"'+t.secret+'\"]'),o=l.querySelectorAll('blockquote[data-secret=\"'+t.secret+'\"]'),c=new RegExp(\"^https?:$\",\"i\"),i=0;i<o.length;i++)o[i].style.display=\"none\";for(i=0;i<a.length;i++)s=a[i],e.source===s.contentWindow&&(s.removeAttribute(\"style\"),\"height\"===t.message?(1e3<(r=parseInt(t.value,10))?r=1e3:~~r<200&&(r=200),s.height=r):\"link\"===t.message&&(r=new URL(s.getAttribute(\"src\")),n=new URL(t.value),c.test(n.protocol))&&n.host===r.host&&l.activeElement===s&&(d.top.location.href=t.value))}},d.addEventListener(\"message\",d.wp.receiveEmbedMessage,!1),l.addEventListener(\"DOMContentLoaded\",function(){for(var e,t,s=l.querySelectorAll(\"iframe.wp-embedded-content\"),r=0;r<s.length;r++)(t=(e=s[r]).getAttribute(\"data-secret\"))||(t=Math.random().toString(36).substring(2,12),e.src+=\"#?secret=\"+t,e.setAttribute(\"data-secret\",t)),e.contentWindow.postMessage({message:\"ready\",secret:t},\"*\")},!1)))}(window,document);\n\/\/# sourceURL=https:\/\/lecerfblanc.be\/wp-includes\/js\/wp-embed.min.js\n\/* ]]> *\/\n<\/script>\n","thumbnail_url":"https:\/\/lecerfblanc.be\/wp-content\/uploads\/2025\/02\/jean-luc-dutordoit-7.jpg","thumbnail_width":1200,"thumbnail_height":630,"description":"Il a ensoleill\u00e9 le monde de sa droiture, son courage et sa g\u00e9n\u00e9rosit\u00e9. Anne HACH\u00c9, son \u00e9pouse tendrement aim\u00e9e; Charles (\u2020) et Hugues, ses fils; Yolande BOEYNAEMS, Oswald, Laurence et Jo\u00ebl STEVENS, leurs conjoints, enfants et petits-enfants, Jean-Fran\u00e7ois et Brigitte DEMETS, leurs conjoints, enfants et petits-enfants, Martine BONNECUELLE, ses cousins et cousines; Dominique HACH\u00c9 et Jean CARBONNEAU, sa belle-s\u0153ur et son compagnon; Mathieu LEVESQUE, sa compagne Marie-Eve et leur petite Alice, son neveu par alliance; B\u00e9atrice HACH\u00c9 et Luc MALICE, leurs enfants et petits-enfants, Bernadette et Hugo DEVLIEGER-DENUIT, leurs enfants et petits-enfants, Renaud et Christine DENUIT-SOMERHAUSEN et leurs enfants, B\u00e9atrice DENUIT, ses enfants et petits-enfants, ses cousins et cousines par alliance, leurs enfants et petits-enfants; Les familles apparent\u00e9es, Et ses fid\u00e8les amis ont l\u2019immense chagrin de vous annoncer le d\u00e9c\u00e8s de Jean-Luc DUTORDOIT Officier de R\u00e9serve de l\u2019Aviation \u2013 Commando de l\u2019Air (UPI) Licenci\u00e9 et Agr\u00e9g\u00e9 en Sciences Commerciales et Consulaires (ICHEC) Dipl\u00f4m\u00e9 en Etudes Europ\u00e9ennes ( UCL) Dipl\u00f4m\u00e9 en Sciences Politique et Administrative (UCL) Dipl\u00f4m\u00e9 en D\u00e9veloppement Durable et RSE (ICHEC) Membre Fondateur et Administrateur Honoraire de l\u2019IBPT Ancien Chef de D\u00e9l\u00e9gation Pl\u00e9nipotentiaire \u00e0 l\u2019UPU, l\u2019UIT, l\u2019UE et le CERP Ancien charg\u00e9 de cours de Management et D\u00e9veloppement Durable \u00e0 l\u2019IFCAD n\u00e9 \u00e0 Audergem le 22 mai 1952 et d\u00e9c\u00e9d\u00e9 paisiblement \u00e0 Woluw\u00e9-Saint-Lambert le 10 f\u00e9vrier 2025 entour\u00e9 de ses proches, au terme d\u2019une longue et cruelle maladie."}

Avis de décès : Jean-Luc Dutordoit

Il a ensoleillé le monde de sa droiture, son courage et sa générosité. Anne HACHÉ, son épouse tendrement aimée; Charles (†) et Hugues, ses fils; Yolande BOEYNAEMS, Oswald, Laurence et Joël STEVENS, leurs conjoints, enfants et petits-enfants, Jean-François et Brigitte DEMETS, leurs conjoints, enfants et petits-enfants, Martine BONNECUELLE, ses cousins et cousines; Dominique HACHÉ et Jean CARBONNEAU, sa belle-sœur et son compagnon; Mathieu LEVESQUE, sa compagne Marie-Eve et leur petite Alice, son neveu par alliance; Béatrice HACHÉ et Luc MALICE, leurs enfants et petits-enfants, Bernadette et Hugo DEVLIEGER-DENUIT, leurs enfants et petits-enfants, Renaud et Christine DENUIT-SOMERHAUSEN et leurs enfants, Béatrice DENUIT, ses enfants et petits-enfants, ses cousins et cousines par alliance, leurs enfants et petits-enfants; Les familles apparentées, Et ses fidèles amis ont l’immense chagrin de vous annoncer le décès de Jean-Luc DUTORDOIT Officier de Réserve de l’Aviation – Commando de l’Air (UPI) Licencié et Agrégé en Sciences Commerciales et Consulaires (ICHEC) Diplômé en Etudes Européennes ( UCL) Diplômé en Sciences Politique et Administrative (UCL) Diplômé en Développement Durable et RSE (ICHEC) Membre Fondateur et Administrateur Honoraire de l’IBPT Ancien Chef de Délégation Plénipotentiaire à l’UPU, l’UIT, l’UE et le CERP Ancien chargé de cours de Management et Développement Durable à l’IFCAD né à Audergem le 22 mai 1952 et décédé paisiblement à Woluwé-Saint-Lambert le 10 février 2025 entouré de ses proches, au terme d’une longue et cruelle maladie.
